{"id":104,"date":"2023-12-27T17:42:04","date_gmt":"2023-12-27T16:42:04","guid":{"rendered":"https:\/\/yourinkart.com\/?page_id=104"},"modified":"2024-02-20T11:55:06","modified_gmt":"2024-02-20T10:55:06","slug":"infos","status":"publish","type":"page","link":"https:\/\/yourinkart.com\/index.php\/infos\/","title":{"rendered":"A propos de nous"},"content":{"rendered":"<p style=\"text-align: left;\">Your Ink est n\u00e9 en 2022 par la <strong>rencontre<\/strong> entre <strong>deux passionn\u00e9es<\/strong> du monde de l\u2019audiovisuel ayant l\u2019<strong>ambition<\/strong> de promouvoir des <strong>univers uniques<\/strong> avec des inspirations allant du surr\u00e9alisme au cin\u00e9ma analogique.<\/p>\n<p style=\"text-align: left;\">Chez Your Ink, il est <strong>primordial<\/strong> d\u2019avoir une approche <strong>sur mesure<\/strong> adapt\u00e9e \u00e0 chaque histoire, de l&rsquo;<strong>\u00e9laboration<\/strong> \u00e0 la <strong>r\u00e9alisation<\/strong> nous produisons la totalit\u00e9 de\u00a0<strong>votre concept<\/strong>.\u2028<\/p>\n<p style=\"text-align: left;\">Nous <strong>confectionnons<\/strong> \u00e9galement des <strong>d\u00e9cors<\/strong> qui donneront vies \u00e0 <strong>vos id\u00e9es<\/strong> les plus fantasques.<\/p>\n<h3 style=\"text-align: center;\"><strong>NOS CO-FONDATRICES<\/strong><\/h3>\n\n\n<div class=\"wp-block-media-text is-stacked-on-mobile\" style=\"grid-template-columns:18% auto\"><figure class=\"wp-block-media-text__media\"><img fetchpriority=\"high\" decoding=\"async\" width=\"752\" height=\"1024\" src=\"http:\/\/yourinkart.com\/wp-content\/uploads\/2024\/01\/Capture-decran-2023-07-24-a-17.40.40-2-752x1024.jpg\" alt=\"\" class=\"wp-image-838 size-full\" srcset=\"https:\/\/yourinkart.com\/wp-content\/uploads\/2024\/01\/Capture-decran-2023-07-24-a-17.40.40-2-752x1024.jpg 752w, https:\/\/yourinkart.com\/wp-content\/uploads\/2024\/01\/Capture-decran-2023-07-24-a-17.40.40-2-220x300.jpg 220w, https:\/\/yourinkart.com\/wp-content\/uploads\/2024\/01\/Capture-decran-2023-07-24-a-17.40.40-2.jpg 1136w\" sizes=\"(max-width: 752px) 100vw, 752px\" \/><\/figure><div class=\"wp-block-media-text__content\">\n<p id=\"block-e5eb9ef4-6d52-4a38-a829-3d866ea3a5e5\"><strong>Kalki Rielland<\/strong><\/p>\n\n\n\n<p id=\"block-7e7813ee-554a-42c0-a509-26e1416abd59\">N\u00e9e au sein d&rsquo;une famille passionn\u00e9e d&rsquo;art, j&rsquo;ai \u00e9t\u00e9 encourag\u00e9e d\u00e8s mon enfance \u00e0 explorer un vaste \u00e9ventail de techniques artistiques, d\u00e9veloppant ainsi ma cr\u00e9ativit\u00e9 de mani\u00e8re autodidacte. Apr\u00e8s une licence en droit \u00e0 La Sorbonne, j&rsquo;ai d\u00e9cid\u00e9 de mettre \u00e0 profit ma passion pour travailler dans l\u2019organisation de projets artistiques.<\/p>\n\n\n\n<p id=\"block-29409496-8b03-4848-9eb4-43021a351940\">En tant que freelance, j&rsquo;ai occup\u00e9 divers r\u00f4les, tels que la direction de casting, la sc\u00e9nographie, la production, la r\u00e9gie et la r\u00e9alisation, contribuant \u00e0 des projets vari\u00e9s. Consciente du manque d&rsquo;attention aux d\u00e9tails, j&rsquo;ai fond\u00e9 Your Ink en mettant en avant une vision artistique soign\u00e9e et r\u00e9fl\u00e9chie.<\/p>\n<\/div><\/div>\n\n\n\n<p><\/p>\n\n\n\n<p><\/p>\n\n\n\n<p><\/p>\n\n\n\n<div class=\"wp-block-media-text is-stacked-on-mobile\" style=\"grid-template-columns:18% auto\"><figure class=\"wp-block-media-text__media\"><img decoding=\"async\" width=\"797\" height=\"1024\" src=\"http:\/\/yourinkart.com\/wp-content\/uploads\/2024\/01\/Capture-decran-2024-01-05-a-17.43.27-edited-797x1024.png\" alt=\"\" class=\"wp-image-424 size-full\" srcset=\"https:\/\/yourinkart.com\/wp-content\/uploads\/2024\/01\/Capture-decran-2024-01-05-a-17.43.27-edited-797x1024.png 797w, https:\/\/yourinkart.com\/wp-content\/uploads\/2024\/01\/Capture-decran-2024-01-05-a-17.43.27-edited-234x300.png 234w, https:\/\/yourinkart.com\/wp-content\/uploads\/2024\/01\/Capture-decran-2024-01-05-a-17.43.27-edited.png 1397w\" sizes=\"(max-width: 797px) 100vw, 797px\" \/><\/figure><div class=\"wp-block-media-text__content\">\n<p><strong>L\u00e9na May Duval<\/strong><\/p>\n\n\n\n<p>C&rsquo;est en mettant la main sur le vieux cam\u00e9scope Canon VHS de mes parents que j&rsquo;ai su ce que je voulais faire plus tard : figer en image tout ce que je vivais en passant de la photographie \u00e0 la captation vid\u00e9o. <\/p>\n\n\n\n<p>Mes \u00e9tudes de design d&rsquo;espace m&rsquo;ont permis de comprendre l&rsquo;importance de la mise en place, des mat\u00e9riaux et de l&rsquo;utilit\u00e9 de chaque objet et de chaque disposition. J&rsquo;ai pu perfectionner mes connaissances au travers de diff\u00e9rents travaux que j&rsquo;ai pu r\u00e9aliser autour de la sc\u00e9nographie et de la r\u00e9alisation. Chaque d\u00e9tail compte pour mettre en lumi\u00e8re une histoire unique avec une esth\u00e9tique minutieuse.&nbsp;&nbsp;<\/p>\n<\/div><\/div>\n\n\n\n<p><\/p>\n","protected":false},"excerpt":{"rendered":"<p>Your Ink est n\u00e9 en 2022 par la rencontre entre deux passionn\u00e9es du monde de l\u2019audiovisuel ayant l\u2019ambition de promouvoir des univers uniques avec des inspirations allant du surr\u00e9alisme au cin\u00e9ma analogique. Chez Your Ink, il est primordial d\u2019avoir une approche sur mesure adapt\u00e9e \u00e0 chaque histoire, de l&rsquo;\u00e9laboration \u00e0 la r\u00e9alisation nous produisons la &hellip; <\/p>\n<p class=\"link-more\"><a href=\"https:\/\/yourinkart.com\/index.php\/infos\/\" class=\"more-link\">Lire la suite de<span class=\"screen-reader-text\">\u00ab\u00a0A propos de nous\u00a0\u00bb<\/span><\/a><\/p>\n","protected":false},"author":1,"featured_media":0,"parent":0,"menu_order":0,"comment_status":"closed","ping_status":"closed","template":"","meta":{"footnotes":""},"class_list":["post-104","page","type-page","status-publish","hentry"],"featured_media_urls":[],"_links":{"self":[{"href":"https:\/\/yourinkart.com\/index.php\/wp-json\/wp\/v2\/pages\/104","targetHints":{"allow":["GET"]}}],"collection":[{"href":"https:\/\/yourinkart.com\/index.php\/wp-json\/wp\/v2\/pages"}],"about":[{"href":"https:\/\/yourinkart.com\/index.php\/wp-json\/wp\/v2\/types\/page"}],"author":[{"embeddable":true,"href":"https:\/\/yourinkart.com\/index.php\/wp-json\/wp\/v2\/users\/1"}],"replies":[{"embeddable":true,"href":"https:\/\/yourinkart.com\/index.php\/wp-json\/wp\/v2\/comments?post=104"}],"version-history":[{"count":47,"href":"https:\/\/yourinkart.com\/index.php\/wp-json\/wp\/v2\/pages\/104\/revisions"}],"predecessor-version":[{"id":1081,"href":"https:\/\/yourinkart.com\/index.php\/wp-json\/wp\/v2\/pages\/104\/revisions\/1081"}],"wp:attachment":[{"href":"https:\/\/yourinkart.com\/index.php\/wp-json\/wp\/v2\/media?parent=104"}],"curies":[{"name":"wp","href":"https:\/\/api.w.org\/{rel}","templated":true}]}}