{"id":219,"date":"2024-01-09T15:26:27","date_gmt":"2024-01-09T14:26:27","guid":{"rendered":"http:\/\/yourinkart.com\/?page_id=219"},"modified":"2024-01-17T15:32:17","modified_gmt":"2024-01-17T14:32:17","slug":"creation","status":"publish","type":"page","link":"https:\/\/yourinkart.com\/index.php\/creation\/","title":{"rendered":"CR\u00c9ATIONS"},"content":{"rendered":"<h3>Vous recherchez une \u00e9quipe pour votre sc\u00e9nographie ?\u00a0Vous souhaitez cr\u00e9er un personnage insolite ?<\/h3>\n<p style=\"text-align: left;\">D\u00e9couvrez notre <strong>expertise<\/strong> en cr\u00e9ation artistique et set design.<\/p>\n<p style=\"text-align: left;\">Pour <strong>concevoir<\/strong> votre sc\u00e9nographie, <strong>cr\u00e9er<\/strong> des objets essentiels \u00e0 votre mise en sc\u00e8ne ou <strong>d\u00e9velopper<\/strong> des concepts personnalis\u00e9s, nous mettons \u00e0 votre disposition nos <strong>comp\u00e9tences<\/strong>\u00a0pour une <strong>exp\u00e9rience unique et impactante.<\/strong><\/p>\n\n\n<figure class=\"wp-block-gallery has-nested-images columns-default is-cropped wp-block-gallery-1 is-layout-flex wp-block-gallery-is-layout-flex\">\n<figure class=\"wp-block-image size-large\"><img fetchpriority=\"high\" decoding=\"async\" width=\"683\" height=\"1024\" data-id=\"444\" src=\"http:\/\/yourinkart.com\/wp-content\/uploads\/2024\/01\/Photo-4-683x1024.jpg\" alt=\"\" class=\"wp-image-444\" srcset=\"https:\/\/yourinkart.com\/wp-content\/uploads\/2024\/01\/Photo-4-683x1024.jpg 683w, https:\/\/yourinkart.com\/wp-content\/uploads\/2024\/01\/Photo-4-200x300.jpg 200w, https:\/\/yourinkart.com\/wp-content\/uploads\/2024\/01\/Photo-4-2000x3000.jpg 2000w, https:\/\/yourinkart.com\/wp-content\/uploads\/2024\/01\/Photo-4-scaled.jpg 1707w\" sizes=\"(max-width: 683px) 100vw, 683px\" \/><figcaption class=\"wp-element-caption\"><a href=\"http:\/\/yourinkart.com\/index.php\/full-moon\/\">Full moon <\/a><\/figcaption><\/figure>\n\n\n\n<figure class=\"wp-block-image size-large\"><img decoding=\"async\" width=\"1024\" height=\"835\" data-id=\"737\" src=\"http:\/\/yourinkart.com\/wp-content\/uploads\/2024\/01\/Capture-decran-2024-01-11-a-21.47.14-1-1024x835.png\" alt=\"\" class=\"wp-image-737\" srcset=\"https:\/\/yourinkart.com\/wp-content\/uploads\/2024\/01\/Capture-decran-2024-01-11-a-21.47.14-1-1024x835.png 1024w, https:\/\/yourinkart.com\/wp-content\/uploads\/2024\/01\/Capture-decran-2024-01-11-a-21.47.14-1-300x245.png 300w, https:\/\/yourinkart.com\/wp-content\/uploads\/2024\/01\/Capture-decran-2024-01-11-a-21.47.14-1.png 1094w\" sizes=\"(max-width: 1024px) 100vw, 1024px\" \/><figcaption class=\"wp-element-caption\"><a href=\"http:\/\/yourinkart.com\/index.php\/mirror-of-the-self\/\">Mirror of the self <\/a><\/figcaption><\/figure>\n\n\n\n<figure class=\"wp-block-image size-large\"><img decoding=\"async\" width=\"1024\" height=\"906\" data-id=\"738\" src=\"http:\/\/yourinkart.com\/wp-content\/uploads\/2024\/01\/Capture-decran-2024-01-11-a-21.46.10-1-e1705324114436-1024x906.png\" alt=\"\" class=\"wp-image-738\" srcset=\"https:\/\/yourinkart.com\/wp-content\/uploads\/2024\/01\/Capture-decran-2024-01-11-a-21.46.10-1-e1705324114436-1024x906.png 1024w, https:\/\/yourinkart.com\/wp-content\/uploads\/2024\/01\/Capture-decran-2024-01-11-a-21.46.10-1-e1705324114436-300x265.png 300w, https:\/\/yourinkart.com\/wp-content\/uploads\/2024\/01\/Capture-decran-2024-01-11-a-21.46.10-1-e1705324114436-768x679.png 768w, https:\/\/yourinkart.com\/wp-content\/uploads\/2024\/01\/Capture-decran-2024-01-11-a-21.46.10-1-e1705324114436.png 1092w\" sizes=\"(max-width: 1024px) 100vw, 1024px\" \/><figcaption class=\"wp-element-caption\"><a href=\"http:\/\/yourinkart.com\/index.php\/soleil-noir\/\">Soleil noir <\/a><\/figcaption><\/figure>\n<\/figure>\n\n\n\n<p><\/p>\n","protected":false},"excerpt":{"rendered":"<p>Vous recherchez une \u00e9quipe pour votre sc\u00e9nographie ?\u00a0Vous souhaitez cr\u00e9er un personnage insolite ? D\u00e9couvrez notre expertise en cr\u00e9ation artistique et set design. Pour concevoir votre sc\u00e9nographie, cr\u00e9er des objets essentiels \u00e0 votre mise en sc\u00e8ne ou d\u00e9velopper des concepts personnalis\u00e9s, nous mettons \u00e0 votre disposition nos comp\u00e9tences\u00a0pour une exp\u00e9rience unique et impactante.<\/p>\n","protected":false},"author":1,"featured_media":0,"parent":0,"menu_order":0,"comment_status":"closed","ping_status":"closed","template":"","meta":{"footnotes":""},"class_list":["post-219","page","type-page","status-publish","hentry"],"featured_media_urls":[],"_links":{"self":[{"href":"https:\/\/yourinkart.com\/index.php\/wp-json\/wp\/v2\/pages\/219","targetHints":{"allow":["GET"]}}],"collection":[{"href":"https:\/\/yourinkart.com\/index.php\/wp-json\/wp\/v2\/pages"}],"about":[{"href":"https:\/\/yourinkart.com\/index.php\/wp-json\/wp\/v2\/types\/page"}],"author":[{"embeddable":true,"href":"https:\/\/yourinkart.com\/index.php\/wp-json\/wp\/v2\/users\/1"}],"replies":[{"embeddable":true,"href":"https:\/\/yourinkart.com\/index.php\/wp-json\/wp\/v2\/comments?post=219"}],"version-history":[{"count":23,"href":"https:\/\/yourinkart.com\/index.php\/wp-json\/wp\/v2\/pages\/219\/revisions"}],"predecessor-version":[{"id":986,"href":"https:\/\/yourinkart.com\/index.php\/wp-json\/wp\/v2\/pages\/219\/revisions\/986"}],"wp:attachment":[{"href":"https:\/\/yourinkart.com\/index.php\/wp-json\/wp\/v2\/media?parent=219"}],"curies":[{"name":"wp","href":"https:\/\/api.w.org\/{rel}","templated":true}]}}